{"id":84,"date":"2020-04-18T20:05:08","date_gmt":"2020-04-18T20:05:08","guid":{"rendered":"http:\/\/valdalen.se\/?page_id=84"},"modified":"2026-03-25T21:14:47","modified_gmt":"2026-03-25T21:14:47","slug":"aktiviteter","status":"publish","type":"page","link":"https:\/\/valdalen.se\/?page_id=84","title":{"rendered":"Aktiviteter utifr\u00e5n trygghet &#8211; utveckling &#8211; h\u00e4lsa"},"content":{"rendered":"\n<p>Vi kommer alltid \u00f6verens om vilka \u00f6nskem\u00e5l du som deltagare har utifr\u00e5n dina f\u00f6ruts\u00e4ttningar och behov. Det finns m\u00f6jligheter att bes\u00f6ka g\u00e5rden med garanti att du \u00e4r sj\u00e4lv eller i sm\u00e5 grupper.  H\u00e4r f\u00f6ljer exempel p\u00e5 olika aktiviteter med fokus p\u00e5 l\u00e4rande och h\u00e4lsa. <\/p>\n\n\n\n<p><strong>L\u00e4rande<\/strong> &#8211; <strong>samarbete med skola<\/strong> <strong>och f\u00f6rskola<\/strong><\/p>\n\n\n\n<figure class=\"wp-block-gallery has-nested-images columns-default is-cropped wp-block-gallery-1 is-layout-flex wp-block-gallery-is-layout-flex\">\n<figure class=\"wp-block-image size-large\"><img loading=\"lazy\" decoding=\"async\" width=\"1024\" height=\"1024\" data-id=\"1145\" src=\"https:\/\/valdalen.se\/wp-content\/uploads\/2026\/03\/kluring-1-1024x1024.jpg\" alt=\"\" class=\"wp-image-1145\" srcset=\"https:\/\/valdalen.se\/wp-content\/uploads\/2026\/03\/kluring-1-1024x1024.jpg 1024w, https:\/\/valdalen.se\/wp-content\/uploads\/2026\/03\/kluring-1-300x300.jpg 300w, https:\/\/valdalen.se\/wp-content\/uploads\/2026\/03\/kluring-1-150x150.jpg 150w, https:\/\/valdalen.se\/wp-content\/uploads\/2026\/03\/kluring-1-768x767.jpg 768w, https:\/\/valdalen.se\/wp-content\/uploads\/2026\/03\/kluring-1.jpg 1440w\" sizes=\"auto, (max-width: 1024px) 100vw, 1024px\" \/><figcaption class=\"wp-element-caption\">Kluringslingan f\u00f6rbereds med anpassade uppgifter och genomf\u00f6rs tillsammans med h\u00e4st\/hund.<\/figcaption><\/figure>\n\n\n\n<figure class=\"wp-block-image size-large\"><img loading=\"lazy\" decoding=\"async\" width=\"1024\" height=\"1024\" data-id=\"1146\" src=\"https:\/\/valdalen.se\/wp-content\/uploads\/2026\/03\/lasfar-1-1024x1024.jpg\" alt=\"\" class=\"wp-image-1146\" srcset=\"https:\/\/valdalen.se\/wp-content\/uploads\/2026\/03\/lasfar-1-1024x1024.jpg 1024w, https:\/\/valdalen.se\/wp-content\/uploads\/2026\/03\/lasfar-1-300x300.jpg 300w, https:\/\/valdalen.se\/wp-content\/uploads\/2026\/03\/lasfar-1-150x150.jpg 150w, https:\/\/valdalen.se\/wp-content\/uploads\/2026\/03\/lasfar-1-768x768.jpg 768w, https:\/\/valdalen.se\/wp-content\/uploads\/2026\/03\/lasfar-1.jpg 1440w\" sizes=\"auto, (max-width: 1024px) 100vw, 1024px\" \/><figcaption class=\"wp-element-caption\">L\u00e4str\u00e4ning f\u00f6r ett icked\u00f6mande djur. (Fungerar f\u00f6r alla \u00e5ldrar)<\/figcaption><\/figure>\n\n\n\n<figure class=\"wp-block-image size-large\"><img loading=\"lazy\" decoding=\"async\" width=\"768\" height=\"1024\" data-id=\"1147\" src=\"https:\/\/valdalen.se\/wp-content\/uploads\/2026\/03\/laramedhastar.jpg\" alt=\"\" class=\"wp-image-1147\" srcset=\"https:\/\/valdalen.se\/wp-content\/uploads\/2026\/03\/laramedhastar.jpg 768w, https:\/\/valdalen.se\/wp-content\/uploads\/2026\/03\/laramedhastar-225x300.jpg 225w\" sizes=\"auto, (max-width: 768px) 100vw, 768px\" \/><figcaption class=\"wp-element-caption\">Utveckla sociala f\u00f6rm\u00e5gor tillsammans med h\u00e4st\/hund.<\/figcaption><\/figure>\n\n\n\n<figure class=\"wp-block-image size-large\"><img loading=\"lazy\" decoding=\"async\" width=\"851\" height=\"1024\" data-id=\"1151\" src=\"https:\/\/valdalen.se\/wp-content\/uploads\/2026\/03\/tipspromenadmumrik-851x1024.jpg\" alt=\"\" class=\"wp-image-1151\" srcset=\"https:\/\/valdalen.se\/wp-content\/uploads\/2026\/03\/tipspromenadmumrik-851x1024.jpg 851w, https:\/\/valdalen.se\/wp-content\/uploads\/2026\/03\/tipspromenadmumrik-249x300.jpg 249w, https:\/\/valdalen.se\/wp-content\/uploads\/2026\/03\/tipspromenadmumrik-768x924.jpg 768w, https:\/\/valdalen.se\/wp-content\/uploads\/2026\/03\/tipspromenadmumrik.jpg 1075w\" sizes=\"auto, (max-width: 851px) 100vw, 851px\" \/><figcaption class=\"wp-element-caption\">Tipspromenader med ett djur kan \u00f6ka motivationen.<\/figcaption><\/figure>\n\n\n\n<figure class=\"wp-block-image size-large\"><img loading=\"lazy\" decoding=\"async\" width=\"699\" height=\"624\" data-id=\"1152\" src=\"https:\/\/valdalen.se\/wp-content\/uploads\/2026\/03\/mata.jpg\" alt=\"\" class=\"wp-image-1152\" srcset=\"https:\/\/valdalen.se\/wp-content\/uploads\/2026\/03\/mata.jpg 699w, https:\/\/valdalen.se\/wp-content\/uploads\/2026\/03\/mata-300x268.jpg 300w\" sizes=\"auto, (max-width: 699px) 100vw, 699px\" \/><figcaption class=\"wp-element-caption\">Snickra en f\u00e5gelholk eller ett insektshotell. \u00d6va m\u00e5ttenheter, motorik och g\u00f6r naturen en tj\u00e4nst.<\/figcaption><\/figure>\n\n\n\n<figure class=\"wp-block-image size-large\"><img loading=\"lazy\" decoding=\"async\" width=\"1024\" height=\"768\" data-id=\"1163\" src=\"https:\/\/valdalen.se\/wp-content\/uploads\/2026\/03\/lagor-1024x768.jpg\" alt=\"\" class=\"wp-image-1163\" srcset=\"https:\/\/valdalen.se\/wp-content\/uploads\/2026\/03\/lagor-1024x768.jpg 1024w, https:\/\/valdalen.se\/wp-content\/uploads\/2026\/03\/lagor-300x225.jpg 300w, https:\/\/valdalen.se\/wp-content\/uploads\/2026\/03\/lagor-768x576.jpg 768w, https:\/\/valdalen.se\/wp-content\/uploads\/2026\/03\/lagor-1536x1152.jpg 1536w, https:\/\/valdalen.se\/wp-content\/uploads\/2026\/03\/lagor.jpg 2048w\" sizes=\"auto, (max-width: 1024px) 100vw, 1024px\" \/><figcaption class=\"wp-element-caption\">Reflektion och samtal i grillstugan.<\/figcaption><\/figure>\n<\/figure>\n\n\n\n<p><\/p>\n\n\n\n<figure class=\"wp-block-gallery has-nested-images columns-default is-cropped wp-block-gallery-2 is-layout-flex wp-block-gallery-is-layout-flex\">\n<figure class=\"wp-block-image size-large\"><img loading=\"lazy\" decoding=\"async\" width=\"1024\" height=\"1011\" data-id=\"1157\" src=\"https:\/\/valdalen.se\/wp-content\/uploads\/2026\/03\/forskolafar-1024x1011.jpg\" alt=\"\" class=\"wp-image-1157\" srcset=\"https:\/\/valdalen.se\/wp-content\/uploads\/2026\/03\/forskolafar-1024x1011.jpg 1024w, https:\/\/valdalen.se\/wp-content\/uploads\/2026\/03\/forskolafar-300x296.jpg 300w, https:\/\/valdalen.se\/wp-content\/uploads\/2026\/03\/forskolafar-768x758.jpg 768w, https:\/\/valdalen.se\/wp-content\/uploads\/2026\/03\/forskolafar.jpg 1062w\" sizes=\"auto, (max-width: 1024px) 100vw, 1024px\" \/><figcaption class=\"wp-element-caption\">L\u00e4ra om djur.<\/figcaption><\/figure>\n\n\n\n<figure class=\"wp-block-image size-large\"><img loading=\"lazy\" decoding=\"async\" width=\"1024\" height=\"998\" data-id=\"1158\" src=\"https:\/\/valdalen.se\/wp-content\/uploads\/2026\/03\/forskolaplantera-1024x998.jpg\" alt=\"\" class=\"wp-image-1158\" srcset=\"https:\/\/valdalen.se\/wp-content\/uploads\/2026\/03\/forskolaplantera-1024x998.jpg 1024w, https:\/\/valdalen.se\/wp-content\/uploads\/2026\/03\/forskolaplantera-300x292.jpg 300w, https:\/\/valdalen.se\/wp-content\/uploads\/2026\/03\/forskolaplantera-768x749.jpg 768w, https:\/\/valdalen.se\/wp-content\/uploads\/2026\/03\/forskolaplantera.jpg 1027w\" sizes=\"auto, (max-width: 1024px) 100vw, 1024px\" \/><figcaption class=\"wp-element-caption\">Fr\u00e5n jord till bord.<\/figcaption><\/figure>\n\n\n\n<figure class=\"wp-block-image size-large\"><img loading=\"lazy\" decoding=\"async\" width=\"1024\" height=\"954\" data-id=\"1161\" src=\"https:\/\/valdalen.se\/wp-content\/uploads\/2026\/03\/hundovning-1-1024x954.jpg\" alt=\"\" class=\"wp-image-1161\" srcset=\"https:\/\/valdalen.se\/wp-content\/uploads\/2026\/03\/hundovning-1-1024x954.jpg 1024w, https:\/\/valdalen.se\/wp-content\/uploads\/2026\/03\/hundovning-1-300x279.jpg 300w, https:\/\/valdalen.se\/wp-content\/uploads\/2026\/03\/hundovning-1-768x715.jpg 768w, https:\/\/valdalen.se\/wp-content\/uploads\/2026\/03\/hundovning-1.jpg 1080w\" sizes=\"auto, (max-width: 1024px) 100vw, 1024px\" \/><figcaption class=\"wp-element-caption\">L\u00f6sa en uppgift genom samarbete.<\/figcaption><\/figure>\n\n\n\n<figure class=\"wp-block-image size-large\"><img loading=\"lazy\" decoding=\"async\" width=\"1024\" height=\"928\" data-id=\"1160\" src=\"https:\/\/valdalen.se\/wp-content\/uploads\/2026\/03\/forskolaang-1024x928.jpg\" alt=\"\" class=\"wp-image-1160\" srcset=\"https:\/\/valdalen.se\/wp-content\/uploads\/2026\/03\/forskolaang-1024x928.jpg 1024w, https:\/\/valdalen.se\/wp-content\/uploads\/2026\/03\/forskolaang-300x272.jpg 300w, https:\/\/valdalen.se\/wp-content\/uploads\/2026\/03\/forskolaang-768x696.jpg 768w, https:\/\/valdalen.se\/wp-content\/uploads\/2026\/03\/forskolaang.jpg 1080w\" sizes=\"auto, (max-width: 1024px) 100vw, 1024px\" \/><figcaption class=\"wp-element-caption\">Ha roligt tillsammans!<\/figcaption><\/figure>\n<\/figure>\n\n\n\n<p><strong>H\u00e4lsa<\/strong> &#8211;<strong> f\u00f6r alla!<\/strong><\/p>\n\n\n\n<figure class=\"wp-block-gallery has-nested-images columns-default is-cropped wp-block-gallery-3 is-layout-flex wp-block-gallery-is-layout-flex\">\n<figure class=\"wp-block-image size-full\"><img loading=\"lazy\" decoding=\"async\" width=\"315\" height=\"315\" data-id=\"871\" src=\"https:\/\/valdalen.se\/wp-content\/uploads\/2024\/09\/gosfar.jpg\" alt=\"\" class=\"wp-image-871\" srcset=\"https:\/\/valdalen.se\/wp-content\/uploads\/2024\/09\/gosfar.jpg 315w, https:\/\/valdalen.se\/wp-content\/uploads\/2024\/09\/gosfar-300x300.jpg 300w, https:\/\/valdalen.se\/wp-content\/uploads\/2024\/09\/gosfar-150x150.jpg 150w\" sizes=\"auto, (max-width: 315px) 100vw, 315px\" \/><figcaption class=\"wp-element-caption\">Finn en v\u00e4n.<\/figcaption><\/figure>\n\n\n\n<figure class=\"wp-block-image size-full\"><img loading=\"lazy\" decoding=\"async\" width=\"1073\" height=\"1055\" data-id=\"1164\" src=\"https:\/\/valdalen.se\/wp-content\/uploads\/2026\/03\/baravarautsikt.jpg\" alt=\"\" class=\"wp-image-1164\" srcset=\"https:\/\/valdalen.se\/wp-content\/uploads\/2026\/03\/baravarautsikt.jpg 1073w, https:\/\/valdalen.se\/wp-content\/uploads\/2026\/03\/baravarautsikt-300x295.jpg 300w, https:\/\/valdalen.se\/wp-content\/uploads\/2026\/03\/baravarautsikt-1024x1007.jpg 1024w, https:\/\/valdalen.se\/wp-content\/uploads\/2026\/03\/baravarautsikt-768x755.jpg 768w\" sizes=\"auto, (max-width: 1073px) 100vw, 1073px\" \/><figcaption class=\"wp-element-caption\">Bara vara, utan krav.<\/figcaption><\/figure>\n\n\n\n<figure class=\"wp-block-image size-full\"><img loading=\"lazy\" decoding=\"async\" width=\"1080\" height=\"1051\" data-id=\"1165\" src=\"https:\/\/valdalen.se\/wp-content\/uploads\/2026\/03\/promenadalv.jpg\" alt=\"\" class=\"wp-image-1165\" srcset=\"https:\/\/valdalen.se\/wp-content\/uploads\/2026\/03\/promenadalv.jpg 1080w, https:\/\/valdalen.se\/wp-content\/uploads\/2026\/03\/promenadalv-300x292.jpg 300w, https:\/\/valdalen.se\/wp-content\/uploads\/2026\/03\/promenadalv-1024x997.jpg 1024w, https:\/\/valdalen.se\/wp-content\/uploads\/2026\/03\/promenadalv-768x747.jpg 768w\" sizes=\"auto, (max-width: 1080px) 100vw, 1080px\" \/><figcaption class=\"wp-element-caption\">Promenad i vacker natur.<\/figcaption><\/figure>\n\n\n\n<figure class=\"wp-block-image size-full\"><img loading=\"lazy\" decoding=\"async\" width=\"1080\" height=\"1409\" data-id=\"1168\" src=\"https:\/\/valdalen.se\/wp-content\/uploads\/2026\/03\/blommor.jpg\" alt=\"\" class=\"wp-image-1168\" srcset=\"https:\/\/valdalen.se\/wp-content\/uploads\/2026\/03\/blommor.jpg 1080w, https:\/\/valdalen.se\/wp-content\/uploads\/2026\/03\/blommor-230x300.jpg 230w, https:\/\/valdalen.se\/wp-content\/uploads\/2026\/03\/blommor-785x1024.jpg 785w, https:\/\/valdalen.se\/wp-content\/uploads\/2026\/03\/blommor-768x1002.jpg 768w\" sizes=\"auto, (max-width: 1080px) 100vw, 1080px\" \/><figcaption class=\"wp-element-caption\">Skapa med blommor.<\/figcaption><\/figure>\n\n\n\n<figure class=\"wp-block-image size-full\"><img loading=\"lazy\" decoding=\"async\" width=\"1504\" height=\"2047\" data-id=\"1167\" src=\"https:\/\/valdalen.se\/wp-content\/uploads\/2026\/03\/aldreboende-2.jpg\" alt=\"\" class=\"wp-image-1167\" srcset=\"https:\/\/valdalen.se\/wp-content\/uploads\/2026\/03\/aldreboende-2.jpg 1504w, https:\/\/valdalen.se\/wp-content\/uploads\/2026\/03\/aldreboende-2-220x300.jpg 220w, https:\/\/valdalen.se\/wp-content\/uploads\/2026\/03\/aldreboende-2-752x1024.jpg 752w, https:\/\/valdalen.se\/wp-content\/uploads\/2026\/03\/aldreboende-2-768x1045.jpg 768w, https:\/\/valdalen.se\/wp-content\/uploads\/2026\/03\/aldreboende-2-1129x1536.jpg 1129w\" sizes=\"auto, (max-width: 1504px) 100vw, 1504px\" \/><figcaption class=\"wp-element-caption\">Bes\u00f6k av hund p\u00e5 \u00e4ldreboende.<\/figcaption><\/figure>\n\n\n\n<figure class=\"wp-block-image size-full\"><img loading=\"lazy\" decoding=\"async\" width=\"1080\" height=\"1060\" data-id=\"1169\" src=\"https:\/\/valdalen.se\/wp-content\/uploads\/2026\/03\/provaparidning.jpg\" alt=\"\" class=\"wp-image-1169\" srcset=\"https:\/\/valdalen.se\/wp-content\/uploads\/2026\/03\/provaparidning.jpg 1080w, https:\/\/valdalen.se\/wp-content\/uploads\/2026\/03\/provaparidning-300x294.jpg 300w, https:\/\/valdalen.se\/wp-content\/uploads\/2026\/03\/provaparidning-1024x1005.jpg 1024w, https:\/\/valdalen.se\/wp-content\/uploads\/2026\/03\/provaparidning-768x754.jpg 768w\" sizes=\"auto, (max-width: 1080px) 100vw, 1080px\" \/><figcaption class=\"wp-element-caption\">G\u00e5rdsbes\u00f6k och prova p\u00e5 att rida.<\/figcaption><\/figure>\n\n\n\n<figure class=\"wp-block-image size-full\"><img loading=\"lazy\" decoding=\"async\" width=\"1080\" height=\"999\" data-id=\"1170\" src=\"https:\/\/valdalen.se\/wp-content\/uploads\/2026\/03\/ridtur.jpg\" alt=\"\" class=\"wp-image-1170\" srcset=\"https:\/\/valdalen.se\/wp-content\/uploads\/2026\/03\/ridtur.jpg 1080w, https:\/\/valdalen.se\/wp-content\/uploads\/2026\/03\/ridtur-300x278.jpg 300w, https:\/\/valdalen.se\/wp-content\/uploads\/2026\/03\/ridtur-1024x947.jpg 1024w, https:\/\/valdalen.se\/wp-content\/uploads\/2026\/03\/ridtur-768x710.jpg 768w\" sizes=\"auto, (max-width: 1080px) 100vw, 1080px\" \/><figcaption class=\"wp-element-caption\">Friskv\u00e5rd &#8211; Epassi g\u00e4ller h\u00e4r!<\/figcaption><\/figure>\n<\/figure>\n\n\n\n<h2 class=\"wp-block-heading\"><\/h2>\n\n\n\n<p><\/p>\n","protected":false},"excerpt":{"rendered":"<p>Vi kommer alltid \u00f6verens om vilka \u00f6nskem\u00e5l du som deltagare har utifr\u00e5n dina f\u00f6ruts\u00e4ttningar och behov. Det finns m\u00f6jligheter att bes\u00f6ka g\u00e5rden med garanti att du \u00e4r sj\u00e4lv eller i sm\u00e5 grupper. H\u00e4r f\u00f6ljer exempel&hellip;<\/p>\n","protected":false},"author":1,"featured_media":0,"parent":0,"menu_order":0,"comment_status":"closed","ping_status":"closed","template":"","meta":{"footnotes":""},"class_list":["post-84","page","type-page","status-publish","hentry"],"_links":{"self":[{"href":"https:\/\/valdalen.se\/index.php?rest_route=\/wp\/v2\/pages\/84","targetHints":{"allow":["GET"]}}],"collection":[{"href":"https:\/\/valdalen.se\/index.php?rest_route=\/wp\/v2\/pages"}],"about":[{"href":"https:\/\/valdalen.se\/index.php?rest_route=\/wp\/v2\/types\/page"}],"author":[{"embeddable":true,"href":"https:\/\/valdalen.se\/index.php?rest_route=\/wp\/v2\/users\/1"}],"replies":[{"embeddable":true,"href":"https:\/\/valdalen.se\/index.php?rest_route=%2Fwp%2Fv2%2Fcomments&post=84"}],"version-history":[{"count":34,"href":"https:\/\/valdalen.se\/index.php?rest_route=\/wp\/v2\/pages\/84\/revisions"}],"predecessor-version":[{"id":1279,"href":"https:\/\/valdalen.se\/index.php?rest_route=\/wp\/v2\/pages\/84\/revisions\/1279"}],"wp:attachment":[{"href":"https:\/\/valdalen.se\/index.php?rest_route=%2Fwp%2Fv2%2Fmedia&parent=84"}],"curies":[{"name":"wp","href":"https:\/\/api.w.org\/{rel}","templated":true}]}}