{"id":631,"date":"2021-08-17T21:05:52","date_gmt":"2021-08-17T21:05:52","guid":{"rendered":"http:\/\/valdalen.se\/?page_id=631"},"modified":"2026-03-25T21:15:45","modified_gmt":"2026-03-25T21:15:45","slug":"gardskalas","status":"publish","type":"page","link":"https:\/\/valdalen.se\/?page_id=631","title":{"rendered":"G\u00e5rdskalas"},"content":{"rendered":"\n<h3 class=\"wp-block-heading\">Ett minne f\u00f6r livet <\/h3>\n\n\n\n<p>Nu \u00e4r du v\u00e4lkommen att boka g\u00e5rdskalas hos oss och vi anpassar efter alla \u00e5ldrar. <\/p>\n\n\n\n<p>Vid barnkalas f\u00e5r deltagarna vara n\u00e4ra djuren och borsta, mysa, sk\u00f6ta, prova p\u00e5 att rida, leda och ha skoj tillsammans. Vi tar emot sm\u00e5 grupper med max 10 deltagare. Sj\u00e4lvklart \u00e4r n\u00e5gon vuxen v\u00e4lkommen att vara med och f\u00f6r barn under 8 \u00e4r det ett krav. Vi anpassar kalaset efter era \u00f6nskem\u00e5l men nedan \u00e4r ett exempel.<\/p>\n\n\n\n<p>Kalas (tv\u00e5 timmar): <br>&#8211; djuraktiviteter <br>&#8211; korvgrillning<br>&#8211; saft och glasstrut<br>&#8211; skattjakt (godisp\u00e5se)<\/p>\n\n\n\n<p>F\u00f6r \u00e4ldre kan vi ordna fika i tr\u00e4dg\u00e5rden och en rundvandring hos djuren. Kanske vill n\u00e5gon prova att rida eller borsta h\u00e4st? Det brukar bli en uppskattad utflykt f\u00f6r exempelvis pension\u00e4rer.<\/p>\n\n\n\n<h3 class=\"wp-block-heading\">V\u00e4lkommen att boka!<\/h3>\n\n\n\n<p><\/p>\n\n\n\n<figure class=\"wp-block-gallery has-nested-images columns-default is-cropped wp-block-gallery-1 is-layout-flex wp-block-gallery-is-layout-flex\">\n<figure class=\"wp-block-image size-large\"><img loading=\"lazy\" decoding=\"async\" width=\"960\" height=\"960\" data-id=\"751\" src=\"https:\/\/valdalen.se\/wp-content\/uploads\/2022\/05\/kalasvimplar.jpg\" alt=\"\" class=\"wp-image-751\" srcset=\"https:\/\/valdalen.se\/wp-content\/uploads\/2022\/05\/kalasvimplar.jpg 960w, https:\/\/valdalen.se\/wp-content\/uploads\/2022\/05\/kalasvimplar-300x300.jpg 300w, https:\/\/valdalen.se\/wp-content\/uploads\/2022\/05\/kalasvimplar-150x150.jpg 150w, https:\/\/valdalen.se\/wp-content\/uploads\/2022\/05\/kalasvimplar-768x768.jpg 768w\" sizes=\"auto, (max-width: 960px) 100vw, 960px\" \/><\/figure>\n\n\n\n<figure class=\"wp-block-image size-large\"><img loading=\"lazy\" decoding=\"async\" width=\"206\" height=\"206\" data-id=\"886\" src=\"https:\/\/valdalen.se\/wp-content\/uploads\/2024\/09\/tarta.jpg\" alt=\"\" class=\"wp-image-886\" srcset=\"https:\/\/valdalen.se\/wp-content\/uploads\/2024\/09\/tarta.jpg 206w, https:\/\/valdalen.se\/wp-content\/uploads\/2024\/09\/tarta-150x150.jpg 150w\" sizes=\"auto, (max-width: 206px) 100vw, 206px\" \/><\/figure>\n\n\n\n<figure class=\"wp-block-image size-large\"><img loading=\"lazy\" decoding=\"async\" width=\"720\" height=\"713\" data-id=\"887\" src=\"https:\/\/valdalen.se\/wp-content\/uploads\/2024\/09\/stuga.jpg\" alt=\"\" class=\"wp-image-887\" srcset=\"https:\/\/valdalen.se\/wp-content\/uploads\/2024\/09\/stuga.jpg 720w, https:\/\/valdalen.se\/wp-content\/uploads\/2024\/09\/stuga-300x297.jpg 300w, https:\/\/valdalen.se\/wp-content\/uploads\/2024\/09\/stuga-150x150.jpg 150w\" sizes=\"auto, (max-width: 720px) 100vw, 720px\" \/><\/figure>\n\n\n\n<figure class=\"wp-block-image size-large\"><img loading=\"lazy\" decoding=\"async\" width=\"768\" height=\"960\" data-id=\"888\" src=\"https:\/\/valdalen.se\/wp-content\/uploads\/2024\/09\/fritidsridning.jpg\" alt=\"\" class=\"wp-image-888\" srcset=\"https:\/\/valdalen.se\/wp-content\/uploads\/2024\/09\/fritidsridning.jpg 768w, https:\/\/valdalen.se\/wp-content\/uploads\/2024\/09\/fritidsridning-240x300.jpg 240w\" sizes=\"auto, (max-width: 768px) 100vw, 768px\" \/><\/figure>\n<\/figure>\n\n\n\n<p><\/p>\n","protected":false},"excerpt":{"rendered":"<p>Ett minne f\u00f6r livet Nu \u00e4r du v\u00e4lkommen att boka g\u00e5rdskalas hos oss och vi anpassar efter alla \u00e5ldrar. Vid barnkalas f\u00e5r deltagarna vara n\u00e4ra djuren och borsta, mysa, sk\u00f6ta, prova p\u00e5 att rida, leda&hellip;<\/p>\n","protected":false},"author":1,"featured_media":0,"parent":0,"menu_order":0,"comment_status":"closed","ping_status":"closed","template":"","meta":{"footnotes":""},"class_list":["post-631","page","type-page","status-publish","hentry"],"_links":{"self":[{"href":"https:\/\/valdalen.se\/index.php?rest_route=\/wp\/v2\/pages\/631","targetHints":{"allow":["GET"]}}],"collection":[{"href":"https:\/\/valdalen.se\/index.php?rest_route=\/wp\/v2\/pages"}],"about":[{"href":"https:\/\/valdalen.se\/index.php?rest_route=\/wp\/v2\/types\/page"}],"author":[{"embeddable":true,"href":"https:\/\/valdalen.se\/index.php?rest_route=\/wp\/v2\/users\/1"}],"replies":[{"embeddable":true,"href":"https:\/\/valdalen.se\/index.php?rest_route=%2Fwp%2Fv2%2Fcomments&post=631"}],"version-history":[{"count":11,"href":"https:\/\/valdalen.se\/index.php?rest_route=\/wp\/v2\/pages\/631\/revisions"}],"predecessor-version":[{"id":1283,"href":"https:\/\/valdalen.se\/index.php?rest_route=\/wp\/v2\/pages\/631\/revisions\/1283"}],"wp:attachment":[{"href":"https:\/\/valdalen.se\/index.php?rest_route=%2Fwp%2Fv2%2Fmedia&parent=631"}],"curies":[{"name":"wp","href":"https:\/\/api.w.org\/{rel}","templated":true}]}}