{"id":595,"date":"2021-08-17T15:27:18","date_gmt":"2021-08-17T15:27:18","guid":{"rendered":"http:\/\/valdalen.se\/?page_id=595"},"modified":"2026-03-25T21:15:32","modified_gmt":"2026-03-25T21:15:32","slug":"djuren","status":"publish","type":"page","link":"https:\/\/valdalen.se\/?page_id=595","title":{"rendered":"Djuren &#8211; mina kollegor"},"content":{"rendered":"\n<p>H\u00e4r presenteras g\u00e5rdens djur. Vi \u00e4r mycket m\u00e5na om djurens h\u00e4lsa och v\u00e4lbefinnande. Djuren uts\u00e4tts inte f\u00f6r n\u00e5got de verkar tycka \u00e4r obehagligt. Vi k\u00e4nner v\u00e5ra djur v\u00e4l och l\u00e4ser av deras dagsform och hur de reagerar p\u00e5 olika situationer och aktiviteter. Det viktigaste f\u00f6r oss \u00e4r att djuren \u00e4r trygga och m\u00e5r bra. Alla som vistas p\u00e5 g\u00e5rden ska visa respekt och tacksamhet f\u00f6r v\u00e5ra fantastiska medarbetare.<\/p>\n\n\n\n<p><strong>H\u00e4starna<\/strong><br><strong>Balder<\/strong> \u00e4r en <a href=\"https:\/\/nordsvensken.org\/nordsvensk-brukshast-ett-kulturarv\/#\">nordsvensk bruksh\u00e4st <\/a>, f\u00f6dd 2009 och valack. Han \u00e4r stor (ca 165 cm), mycket sn\u00e4ll och \u00e4lskar att bli ompysslad i stallet. Balder kan ridas och \u00e4r \u00e4ven med vid avsuttna aktiviteter. Tyv\u00e4rr har vi ingen m\u00f6jlighet f\u00f6r rullstolsburna att rida d\u00e5 vi inte har n\u00e5gon lift.<br><strong>Mumrik <\/strong>\u00e4r en <a href=\"https:\/\/sverigesshetlandssallskap.wordpress.com\/shetlandsponnyn\/rasstandard\/\">shetlandsponny<\/a>, \u00e4r f\u00f6dd 2020 och valack. Han milj\u00f6tr\u00e4nas p\u00e5 olika s\u00e4tt f\u00f6r att v\u00e4nja sig vid varierande situationer. Mumrik ledas samt k\u00f6ras.<\/p>\n\n\n\n<p><strong>Hundarna<\/strong><br><strong>Undis<\/strong> \u00e4r blandras Cockerpoo, f\u00f6dd 2020 och tik. Hon \u00e4r utbildad bes\u00f6kshund och arbetar bland annat p\u00e5 \u00e4ldreboenden och med ungdomar. Undis \u00e4r f\u00f6dd hos oss och \u00e4r en otroligt v\u00e4nlig hund som \u00e4lskar godis, promenader, s\u00f6k\u00f6vningar och att bli klappad.<br><strong>Lovis<\/strong> \u00e4r mamma till Undis, Engelsk cockerspaniel, f\u00f6dd 2015 och tik. Hon \u00e4r pension\u00e4r och m\u00e5r b\u00e4st av lugna promenader och mat.<br><strong>Julia<\/strong> \u00e4r blandras, f\u00f6dd 2016 och \u00e4lskar promenader och att f\u00e5 g\u00f6ra sm\u00e5 tricks.<br><strong>Hundarna vill ha tr\u00e4dg\u00e5rden som sin privata del men det g\u00e5r bra att h\u00e4lsa \u00f6ver staketet.<\/strong><\/p>\n\n\n\n<p><strong>F\u00e5ren<\/strong><br>Vi har fem f\u00e5r av rasen Kl\u00f6vsj\u00f6 i varierad \u00e5lder. De uppskattar en stund med lite havre och klappar men lyssnar g\u00e4rna p\u00e5 l\u00e4sning eller \u00e4r med i bakgrunden om ni bara vill sitta i hagen och njuta av utsikten. V\u00e5r grillstuga finns ocks\u00e5 mitt i hagen s\u00e5 hyr ni den s\u00e5 kommer ni garanterat f\u00e5 tr\u00e4ffa v\u00e5ra ulliga v\u00e4nner.<\/p>\n\n\n\n<p><strong>Katten<\/strong><br><strong>Jessie<\/strong> \u00e4r en kelig huskatt, f\u00f6dd 2014 och honkatt. Hon bor i sadelkammaren och vill g\u00e4rna klappas. Hon \u00e4r ocks\u00e5 en duktig j\u00e4gare och ofta ute i naturen.<\/p>\n\n\n\n<p><br><\/p>\n\n\n\n<figure class=\"wp-block-gallery has-nested-images columns-default is-cropped wp-block-gallery-1 is-layout-flex wp-block-gallery-is-layout-flex\">\n<figure class=\"wp-block-image size-large\"><img loading=\"lazy\" decoding=\"async\" width=\"720\" height=\"960\" data-id=\"1108\" src=\"https:\/\/valdalen.se\/wp-content\/uploads\/2026\/03\/baldertrad-1.jpg\" alt=\"\" class=\"wp-image-1108\" srcset=\"https:\/\/valdalen.se\/wp-content\/uploads\/2026\/03\/baldertrad-1.jpg 720w, https:\/\/valdalen.se\/wp-content\/uploads\/2026\/03\/baldertrad-1-225x300.jpg 225w\" sizes=\"auto, (max-width: 720px) 100vw, 720px\" \/><\/figure>\n\n\n\n<figure class=\"wp-block-image size-large\"><img loading=\"lazy\" decoding=\"async\" width=\"315\" height=\"315\" data-id=\"1109\" src=\"https:\/\/valdalen.se\/wp-content\/uploads\/2026\/03\/balder.jpg\" alt=\"\" class=\"wp-image-1109\" srcset=\"https:\/\/valdalen.se\/wp-content\/uploads\/2026\/03\/balder.jpg 315w, https:\/\/valdalen.se\/wp-content\/uploads\/2026\/03\/balder-300x300.jpg 300w, https:\/\/valdalen.se\/wp-content\/uploads\/2026\/03\/balder-150x150.jpg 150w\" sizes=\"auto, (max-width: 315px) 100vw, 315px\" \/><\/figure>\n\n\n\n<figure class=\"wp-block-image size-large\"><img loading=\"lazy\" decoding=\"async\" width=\"1024\" height=\"1024\" data-id=\"1110\" src=\"https:\/\/valdalen.se\/wp-content\/uploads\/2026\/03\/baldermumrik-1024x1024.jpg\" alt=\"\" class=\"wp-image-1110\" srcset=\"https:\/\/valdalen.se\/wp-content\/uploads\/2026\/03\/baldermumrik-1024x1024.jpg 1024w, https:\/\/valdalen.se\/wp-content\/uploads\/2026\/03\/baldermumrik-300x300.jpg 300w, https:\/\/valdalen.se\/wp-content\/uploads\/2026\/03\/baldermumrik-150x150.jpg 150w, https:\/\/valdalen.se\/wp-content\/uploads\/2026\/03\/baldermumrik-768x768.jpg 768w, https:\/\/valdalen.se\/wp-content\/uploads\/2026\/03\/baldermumrik.jpg 1290w\" sizes=\"auto, (max-width: 1024px) 100vw, 1024px\" \/><\/figure>\n\n\n\n<figure class=\"wp-block-image size-large\"><img loading=\"lazy\" decoding=\"async\" width=\"801\" height=\"1024\" data-id=\"1116\" src=\"https:\/\/valdalen.se\/wp-content\/uploads\/2026\/03\/mumriklaser-801x1024.jpg\" alt=\"\" class=\"wp-image-1116\" srcset=\"https:\/\/valdalen.se\/wp-content\/uploads\/2026\/03\/mumriklaser-801x1024.jpg 801w, https:\/\/valdalen.se\/wp-content\/uploads\/2026\/03\/mumriklaser-235x300.jpg 235w, https:\/\/valdalen.se\/wp-content\/uploads\/2026\/03\/mumriklaser-768x982.jpg 768w, https:\/\/valdalen.se\/wp-content\/uploads\/2026\/03\/mumriklaser-1202x1536.jpg 1202w, https:\/\/valdalen.se\/wp-content\/uploads\/2026\/03\/mumriklaser.jpg 1602w\" sizes=\"auto, (max-width: 801px) 100vw, 801px\" \/><\/figure>\n\n\n\n<figure class=\"wp-block-image size-large\"><img loading=\"lazy\" decoding=\"async\" width=\"1024\" height=\"1024\" data-id=\"1112\" src=\"https:\/\/valdalen.se\/wp-content\/uploads\/2026\/03\/slade-1024x1024.jpg\" alt=\"\" class=\"wp-image-1112\" srcset=\"https:\/\/valdalen.se\/wp-content\/uploads\/2026\/03\/slade-1024x1024.jpg 1024w, https:\/\/valdalen.se\/wp-content\/uploads\/2026\/03\/slade-300x300.jpg 300w, https:\/\/valdalen.se\/wp-content\/uploads\/2026\/03\/slade-150x150.jpg 150w, https:\/\/valdalen.se\/wp-content\/uploads\/2026\/03\/slade-768x768.jpg 768w, https:\/\/valdalen.se\/wp-content\/uploads\/2026\/03\/slade.jpg 1440w\" sizes=\"auto, (max-width: 1024px) 100vw, 1024px\" \/><\/figure>\n\n\n\n<figure class=\"wp-block-image size-large\"><img loading=\"lazy\" decoding=\"async\" width=\"427\" height=\"691\" data-id=\"1113\" src=\"https:\/\/valdalen.se\/wp-content\/uploads\/2026\/03\/Mumrik-sele.jpg\" alt=\"\" class=\"wp-image-1113\" srcset=\"https:\/\/valdalen.se\/wp-content\/uploads\/2026\/03\/Mumrik-sele.jpg 427w, https:\/\/valdalen.se\/wp-content\/uploads\/2026\/03\/Mumrik-sele-185x300.jpg 185w\" sizes=\"auto, (max-width: 427px) 100vw, 427px\" \/><\/figure>\n\n\n\n<figure class=\"wp-block-image size-large\"><img loading=\"lazy\" decoding=\"async\" width=\"826\" height=\"1024\" data-id=\"1121\" src=\"https:\/\/valdalen.se\/wp-content\/uploads\/2026\/03\/undis-och-jag--826x1024.jpg\" alt=\"\" class=\"wp-image-1121\" srcset=\"https:\/\/valdalen.se\/wp-content\/uploads\/2026\/03\/undis-och-jag--826x1024.jpg 826w, https:\/\/valdalen.se\/wp-content\/uploads\/2026\/03\/undis-och-jag--242x300.jpg 242w, https:\/\/valdalen.se\/wp-content\/uploads\/2026\/03\/undis-och-jag--768x952.jpg 768w, https:\/\/valdalen.se\/wp-content\/uploads\/2026\/03\/undis-och-jag-.jpg 946w\" sizes=\"auto, (max-width: 826px) 100vw, 826px\" \/><\/figure>\n\n\n\n<figure class=\"wp-block-image size-large\"><img loading=\"lazy\" decoding=\"async\" width=\"1024\" height=\"932\" data-id=\"1119\" src=\"https:\/\/valdalen.se\/wp-content\/uploads\/2026\/03\/skolhund-1024x932.jpg\" alt=\"\" class=\"wp-image-1119\" srcset=\"https:\/\/valdalen.se\/wp-content\/uploads\/2026\/03\/skolhund-1024x932.jpg 1024w, https:\/\/valdalen.se\/wp-content\/uploads\/2026\/03\/skolhund-300x273.jpg 300w, https:\/\/valdalen.se\/wp-content\/uploads\/2026\/03\/skolhund-768x699.jpg 768w, https:\/\/valdalen.se\/wp-content\/uploads\/2026\/03\/skolhund-1536x1398.jpg 1536w, https:\/\/valdalen.se\/wp-content\/uploads\/2026\/03\/skolhund.jpg 1560w\" sizes=\"auto, (max-width: 1024px) 100vw, 1024px\" \/><\/figure>\n\n\n\n<figure class=\"wp-block-image size-large\"><img loading=\"lazy\" decoding=\"async\" width=\"752\" height=\"1024\" data-id=\"1120\" src=\"https:\/\/valdalen.se\/wp-content\/uploads\/2026\/03\/aldreboende-752x1024.jpg\" alt=\"\" class=\"wp-image-1120\" srcset=\"https:\/\/valdalen.se\/wp-content\/uploads\/2026\/03\/aldreboende-752x1024.jpg 752w, https:\/\/valdalen.se\/wp-content\/uploads\/2026\/03\/aldreboende-220x300.jpg 220w, https:\/\/valdalen.se\/wp-content\/uploads\/2026\/03\/aldreboende-768x1045.jpg 768w, https:\/\/valdalen.se\/wp-content\/uploads\/2026\/03\/aldreboende-1129x1536.jpg 1129w, https:\/\/valdalen.se\/wp-content\/uploads\/2026\/03\/aldreboende.jpg 1504w\" sizes=\"auto, (max-width: 752px) 100vw, 752px\" \/><\/figure>\n\n\n\n<figure class=\"wp-block-image size-large\"><img loading=\"lazy\" decoding=\"async\" width=\"960\" height=\"960\" data-id=\"1122\" src=\"https:\/\/valdalen.se\/wp-content\/uploads\/2026\/03\/vitsipporhund.jpg\" alt=\"\" class=\"wp-image-1122\" srcset=\"https:\/\/valdalen.se\/wp-content\/uploads\/2026\/03\/vitsipporhund.jpg 960w, https:\/\/valdalen.se\/wp-content\/uploads\/2026\/03\/vitsipporhund-300x300.jpg 300w, https:\/\/valdalen.se\/wp-content\/uploads\/2026\/03\/vitsipporhund-150x150.jpg 150w, https:\/\/valdalen.se\/wp-content\/uploads\/2026\/03\/vitsipporhund-768x768.jpg 768w\" sizes=\"auto, (max-width: 960px) 100vw, 960px\" \/><\/figure>\n\n\n\n<figure class=\"wp-block-image size-large\"><img loading=\"lazy\" decoding=\"async\" width=\"1024\" height=\"1024\" data-id=\"1123\" src=\"https:\/\/valdalen.se\/wp-content\/uploads\/2026\/03\/lasfar-1024x1024.jpg\" alt=\"\" class=\"wp-image-1123\" srcset=\"https:\/\/valdalen.se\/wp-content\/uploads\/2026\/03\/lasfar-1024x1024.jpg 1024w, https:\/\/valdalen.se\/wp-content\/uploads\/2026\/03\/lasfar-300x300.jpg 300w, https:\/\/valdalen.se\/wp-content\/uploads\/2026\/03\/lasfar-150x150.jpg 150w, https:\/\/valdalen.se\/wp-content\/uploads\/2026\/03\/lasfar-768x768.jpg 768w, https:\/\/valdalen.se\/wp-content\/uploads\/2026\/03\/lasfar.jpg 1440w\" sizes=\"auto, (max-width: 1024px) 100vw, 1024px\" \/><\/figure>\n\n\n\n<figure class=\"wp-block-image size-large\"><img loading=\"lazy\" decoding=\"async\" width=\"853\" height=\"1024\" data-id=\"1124\" src=\"https:\/\/valdalen.se\/wp-content\/uploads\/2026\/03\/jessie-853x1024.jpg\" alt=\"\" class=\"wp-image-1124\" srcset=\"https:\/\/valdalen.se\/wp-content\/uploads\/2026\/03\/jessie-853x1024.jpg 853w, https:\/\/valdalen.se\/wp-content\/uploads\/2026\/03\/jessie-250x300.jpg 250w, https:\/\/valdalen.se\/wp-content\/uploads\/2026\/03\/jessie-768x922.jpg 768w, https:\/\/valdalen.se\/wp-content\/uploads\/2026\/03\/jessie-1280x1536.jpg 1280w, https:\/\/valdalen.se\/wp-content\/uploads\/2026\/03\/jessie.jpg 1706w\" sizes=\"auto, (max-width: 853px) 100vw, 853px\" \/><\/figure>\n<\/figure>\n\n\n\n<p><\/p>\n\n\n\n<p><\/p>\n","protected":false},"excerpt":{"rendered":"<p>H\u00e4r presenteras g\u00e5rdens djur. Vi \u00e4r mycket m\u00e5na om djurens h\u00e4lsa och v\u00e4lbefinnande. Djuren uts\u00e4tts inte f\u00f6r n\u00e5got de verkar tycka \u00e4r obehagligt. Vi k\u00e4nner v\u00e5ra djur v\u00e4l och l\u00e4ser av deras dagsform och hur&hellip;<\/p>\n","protected":false},"author":1,"featured_media":0,"parent":0,"menu_order":0,"comment_status":"closed","ping_status":"closed","template":"","meta":{"footnotes":""},"class_list":["post-595","page","type-page","status-publish","hentry"],"_links":{"self":[{"href":"https:\/\/valdalen.se\/index.php?rest_route=\/wp\/v2\/pages\/595","targetHints":{"allow":["GET"]}}],"collection":[{"href":"https:\/\/valdalen.se\/index.php?rest_route=\/wp\/v2\/pages"}],"about":[{"href":"https:\/\/valdalen.se\/index.php?rest_route=\/wp\/v2\/types\/page"}],"author":[{"embeddable":true,"href":"https:\/\/valdalen.se\/index.php?rest_route=\/wp\/v2\/users\/1"}],"replies":[{"embeddable":true,"href":"https:\/\/valdalen.se\/index.php?rest_route=%2Fwp%2Fv2%2Fcomments&post=595"}],"version-history":[{"count":18,"href":"https:\/\/valdalen.se\/index.php?rest_route=\/wp\/v2\/pages\/595\/revisions"}],"predecessor-version":[{"id":1282,"href":"https:\/\/valdalen.se\/index.php?rest_route=\/wp\/v2\/pages\/595\/revisions\/1282"}],"wp:attachment":[{"href":"https:\/\/valdalen.se\/index.php?rest_route=%2Fwp%2Fv2%2Fmedia&parent=595"}],"curies":[{"name":"wp","href":"https:\/\/api.w.org\/{rel}","templated":true}]}}

<p>Här presenteras gårdens djur. Vi är mycket måna om djurens hälsa och välbefinnande. Djuren utsätts inte för något de verkar tycka är obehagligt. Vi känner våra djur väl och läser av deras dagsform och hur de reagerar på olika situationer och aktiviteter. Det viktigaste för oss är att djuren är trygga och mår bra. Alla som vistas på gården ska visa respekt och tacksamhet för våra fantastiska medarbetare.</p>



<p><strong>Hästarna</strong><br><strong>Balder</strong> är en <a href="https://nordsvensken.org/nordsvensk-brukshast-ett-kulturarv/#">nordsvensk brukshäst </a>, född 2009 och valack. Han är stor (ca 165 cm), mycket snäll och älskar att bli ompysslad i stallet. Balder kan ridas och är även med vid avsuttna aktiviteter. Tyvärr har vi ingen möjlighet för rullstolsburna att rida då vi inte har någon lift.<br><strong>Mumrik </strong>är en <a href="https://sverigesshetlandssallskap.wordpress.com/shetlandsponnyn/rasstandard/">shetlandsponny</a>, är född 2020 och valack. Han miljötränas på olika sätt för att vänja sig vid varierande situationer. Mumrik ledas samt köras.</p>



<p><strong>Hundarna</strong><br><strong>Undis</strong> är blandras Cockerpoo, född 2020 och tik. Hon är utbildad besökshund och arbetar bland annat på äldreboenden och med ungdomar. Undis är född hos oss och är en otroligt vänlig hund som älskar godis, promenader, sökövningar och att bli klappad.<br><strong>Lovis</strong> är mamma till Undis, Engelsk cockerspaniel, född 2015 och tik. Hon är pensionär och mår bäst av lugna promenader och mat.<br><strong>Julia</strong> är blandras, född 2016 och älskar promenader och att få göra små tricks.<br><strong>Hundarna vill ha trädgården som sin privata del men det går bra att hälsa över staketet.</strong></p>



<p><strong>Fåren</strong><br>Vi har fem får av rasen Klövsjö i varierad ålder. De uppskattar en stund med lite havre och klappar men lyssnar gärna på läsning eller är med i bakgrunden om ni bara vill sitta i hagen och njuta av utsikten. Vår grillstuga finns också mitt i hagen så hyr ni den så kommer ni garanterat få träffa våra ulliga vänner.</p>



<p><strong>Katten</strong><br><strong>Jessie</strong> är en kelig huskatt, född 2014 och honkatt. Hon bor i sadelkammaren och vill gärna klappas. Hon är också en duktig jägare och ofta ute i naturen.</p>



<p><br></p>



<figure class="wp-block-gallery has-nested-images columns-default is-cropped wp-block-gallery-1 is-layout-flex wp-block-gallery-is-layout-flex">
<figure class="wp-block-image size-large"><img loading="lazy" decoding="async" width="720" height="960" data-id="1108" src="https://valdalen.se/wp-content/uploads/2026/03/baldertrad-1.jpg" alt="" class="wp-image-1108" srcset="https://valdalen.se/wp-content/uploads/2026/03/baldertrad-1.jpg 720w, https://valdalen.se/wp-content/uploads/2026/03/baldertrad-1-225x300.jpg 225w" sizes="auto, (max-width: 720px) 100vw, 720px" /></figure>



<figure class="wp-block-image size-large"><img loading="lazy" decoding="async" width="315" height="315" data-id="1109" src="https://valdalen.se/wp-content/uploads/2026/03/balder.jpg" alt="" class="wp-image-1109" srcset="https://valdalen.se/wp-content/uploads/2026/03/balder.jpg 315w, https://valdalen.se/wp-content/uploads/2026/03/balder-300x300.jpg 300w, https://valdalen.se/wp-content/uploads/2026/03/balder-150x150.jpg 150w" sizes="auto, (max-width: 315px) 100vw, 315px" /></figure>



<figure class="wp-block-image size-large"><img loading="lazy" decoding="async" width="1024" height="1024" data-id="1110" src="https://valdalen.se/wp-content/uploads/2026/03/baldermumrik-1024x1024.jpg" alt="" class="wp-image-1110" srcset="https://valdalen.se/wp-content/uploads/2026/03/baldermumrik-1024x1024.jpg 1024w, https://valdalen.se/wp-content/uploads/2026/03/baldermumrik-300x300.jpg 300w, https://valdalen.se/wp-content/uploads/2026/03/baldermumrik-150x150.jpg 150w, https://valdalen.se/wp-content/uploads/2026/03/baldermumrik-768x768.jpg 768w, https://valdalen.se/wp-content/uploads/2026/03/baldermumrik.jpg 1290w" sizes="auto, (max-width: 1024px) 100vw, 1024px" /></figure>



<figure class="wp-block-image size-large"><img loading="lazy" decoding="async" width="801" height="1024" data-id="1116" src="https://valdalen.se/wp-content/uploads/2026/03/mumriklaser-801x1024.jpg" alt="" class="wp-image-1116" srcset="https://valdalen.se/wp-content/uploads/2026/03/mumriklaser-801x1024.jpg 801w, https://valdalen.se/wp-content/uploads/2026/03/mumriklaser-235x300.jpg 235w, https://valdalen.se/wp-content/uploads/2026/03/mumriklaser-768x982.jpg 768w, https://valdalen.se/wp-content/uploads/2026/03/mumriklaser-1202x1536.jpg 1202w, https://valdalen.se/wp-content/uploads/2026/03/mumriklaser.jpg 1602w" sizes="auto, (max-width: 801px) 100vw, 801px" /></figure>



<figure class="wp-block-image size-large"><img loading="lazy" decoding="async" width="1024" height="1024" data-id="1112" src="https://valdalen.se/wp-content/uploads/2026/03/slade-1024x1024.jpg" alt="" class="wp-image-1112" srcset="https://valdalen.se/wp-content/uploads/2026/03/slade-1024x1024.jpg 1024w, https://valdalen.se/wp-content/uploads/2026/03/slade-300x300.jpg 300w, https://valdalen.se/wp-content/uploads/2026/03/slade-150x150.jpg 150w, https://valdalen.se/wp-content/uploads/2026/03/slade-768x768.jpg 768w, https://valdalen.se/wp-content/uploads/2026/03/slade.jpg 1440w" sizes="auto, (max-width: 1024px) 100vw, 1024px" /></figure>



<figure class="wp-block-image size-large"><img loading="lazy" decoding="async" width="427" height="691" data-id="1113" src="https://valdalen.se/wp-content/uploads/2026/03/Mumrik-sele.jpg" alt="" class="wp-image-1113" srcset="https://valdalen.se/wp-content/uploads/2026/03/Mumrik-sele.jpg 427w, https://valdalen.se/wp-content/uploads/2026/03/Mumrik-sele-185x300.jpg 185w" sizes="auto, (max-width: 427px) 100vw, 427px" /></figure>



<figure class="wp-block-image size-large"><img loading="lazy" decoding="async" width="826" height="1024" data-id="1121" src="https://valdalen.se/wp-content/uploads/2026/03/undis-och-jag--826x1024.jpg" alt="" class="wp-image-1121" srcset="https://valdalen.se/wp-content/uploads/2026/03/undis-och-jag--826x1024.jpg 826w, https://valdalen.se/wp-content/uploads/2026/03/undis-och-jag--242x300.jpg 242w, https://valdalen.se/wp-content/uploads/2026/03/undis-och-jag--768x952.jpg 768w, https://valdalen.se/wp-content/uploads/2026/03/undis-och-jag-.jpg 946w" sizes="auto, (max-width: 826px) 100vw, 826px" /></figure>



<figure class="wp-block-image size-large"><img loading="lazy" decoding="async" width="1024" height="932" data-id="1119" src="https://valdalen.se/wp-content/uploads/2026/03/skolhund-1024x932.jpg" alt="" class="wp-image-1119" srcset="https://valdalen.se/wp-content/uploads/2026/03/skolhund-1024x932.jpg 1024w, https://valdalen.se/wp-content/uploads/2026/03/skolhund-300x273.jpg 300w, https://valdalen.se/wp-content/uploads/2026/03/skolhund-768x699.jpg 768w, https://valdalen.se/wp-content/uploads/2026/03/skolhund-1536x1398.jpg 1536w, https://valdalen.se/wp-content/uploads/2026/03/skolhund.jpg 1560w" sizes="auto, (max-width: 1024px) 100vw, 1024px" /></figure>



<figure class="wp-block-image size-large"><img loading="lazy" decoding="async" width="752" height="1024" data-id="1120" src="https://valdalen.se/wp-content/uploads/2026/03/aldreboende-752x1024.jpg" alt="" class="wp-image-1120" srcset="https://valdalen.se/wp-content/uploads/2026/03/aldreboende-752x1024.jpg 752w, https://valdalen.se/wp-content/uploads/2026/03/aldreboende-220x300.jpg 220w, https://valdalen.se/wp-content/uploads/2026/03/aldreboende-768x1045.jpg 768w, https://valdalen.se/wp-content/uploads/2026/03/aldreboende-1129x1536.jpg 1129w, https://valdalen.se/wp-content/uploads/2026/03/aldreboende.jpg 1504w" sizes="auto, (max-width: 752px) 100vw, 752px" /></figure>



<figure class="wp-block-image size-large"><img loading="lazy" decoding="async" width="960" height="960" data-id="1122" src="https://valdalen.se/wp-content/uploads/2026/03/vitsipporhund.jpg" alt="" class="wp-image-1122" srcset="https://valdalen.se/wp-content/uploads/2026/03/vitsipporhund.jpg 960w, https://valdalen.se/wp-content/uploads/2026/03/vitsipporhund-300x300.jpg 300w, https://valdalen.se/wp-content/uploads/2026/03/vitsipporhund-150x150.jpg 150w, https://valdalen.se/wp-content/uploads/2026/03/vitsipporhund-768x768.jpg 768w" sizes="auto, (max-width: 960px) 100vw, 960px" /></figure>



<figure class="wp-block-image size-large"><img loading="lazy" decoding="async" width="1024" height="1024" data-id="1123" src="https://valdalen.se/wp-content/uploads/2026/03/lasfar-1024x1024.jpg" alt="" class="wp-image-1123" srcset="https://valdalen.se/wp-content/uploads/2026/03/lasfar-1024x1024.jpg 1024w, https://valdalen.se/wp-content/uploads/2026/03/lasfar-300x300.jpg 300w, https://valdalen.se/wp-content/uploads/2026/03/lasfar-150x150.jpg 150w, https://valdalen.se/wp-content/uploads/2026/03/lasfar-768x768.jpg 768w, https://valdalen.se/wp-content/uploads/2026/03/lasfar.jpg 1440w" sizes="auto, (max-width: 1024px) 100vw, 1024px" /></figure>



<figure class="wp-block-image size-large"><img loading="lazy" decoding="async" width="853" height="1024" data-id="1124" src="https://valdalen.se/wp-content/uploads/2026/03/jessie-853x1024.jpg" alt="" class="wp-image-1124" srcset="https://valdalen.se/wp-content/uploads/2026/03/jessie-853x1024.jpg 853w, https://valdalen.se/wp-content/uploads/2026/03/jessie-250x300.jpg 250w, https://valdalen.se/wp-content/uploads/2026/03/jessie-768x922.jpg 768w, https://valdalen.se/wp-content/uploads/2026/03/jessie-1280x1536.jpg 1280w, https://valdalen.se/wp-content/uploads/2026/03/jessie.jpg 1706w" sizes="auto, (max-width: 853px) 100vw, 853px" /></figure>
</figure>



<p></p>



<p></p>

<p>Här presenteras gårdens djur. Vi är mycket måna om djurens hälsa och välbefinnande. Djuren utsätts inte för något de verkar tycka är obehagligt. Vi känner våra djur väl och läser av deras dagsform och hur&hellip;</p>
