{"id":47,"date":"2020-04-18T20:12:02","date_gmt":"2020-04-18T20:12:02","guid":{"rendered":"http:\/\/valdalen.se\/?page_id=47"},"modified":"2026-03-25T21:18:11","modified_gmt":"2026-03-25T21:18:11","slug":"valdalens-djur-och-natur","status":"publish","type":"page","link":"https:\/\/valdalen.se\/","title":{"rendered":"V\u00e4lkommen till                                                                     Valdalens Djur &amp; Natur"},"content":{"rendered":"\n<h3 class=\"wp-block-heading\">Trygghet &#8211; Utveckling &#8211; H\u00e4lsa<\/h3>\n\n\n\n<p><strong>Verksamhetens fr\u00e4msta fokus \u00e4r djur och naturunderst\u00f6dda insatser inom skola, social omsorg, fritid och h\u00e4lsoomr\u00e5det. <\/strong>Jag riktar mig s\u00e5v\u00e4l till kommuner och regioner som privata akt\u00f6rer. H\u00e4r individanpassas aktiviteter utifr\u00e5n deltagarens\/kundens \u00f6nskem\u00e5l, f\u00f6ruts\u00e4ttningar och behov.<\/p>\n\n\n\n<p>Djur kan samverka p\u00e5 ett fantastiskt s\u00e4tt vid kognitiva och sociala utmaningar eftersom de bara finns d\u00e4r och du kan vara precis den du \u00e4r utan att bli v\u00e4rderad. Forskning visar att samverkan med djur kan \u00f6ka &#8221;m\u00e5-bra-hormonet&#8221;- oxytocin och minska stress. Det i sin tur g\u00f6r att koncentrationsf\u00f6rm\u00e5gan h\u00f6js vilket g\u00f6r det l\u00e4ttare att l\u00e4ra och hantera olika sociala interaktioner. Att promenera tillsammans i skogen, mocka en box eller plantera fr\u00f6n i en odlingsl\u00e5da \u00e4r dessutom sammanhang d\u00e4r m\u00e4nniskor kan ha l\u00e4ttare att \u00f6ppna sig f\u00f6r samtal och sv\u00e5ra saker, j\u00e4mf\u00f6rt med att sitta i ett samtalsrum. G\u00e5rdsmilj\u00f6n med f\u00f6ruts\u00e4gbara rutiner erbjuder m\u00e5nga alternativ till en meningsfull, aktiv och rolig fritid och eller daglig verksamhet. Vi v\u00e4lkomnar samarbeten med verksamma inom utbildning, socialtj\u00e4nst, kultur och fritid samt \u00e4ldreomsorgen.<\/p>\n\n\n\n<p>V\u00e5rt f\u00f6rh\u00e5llningss\u00e4tt sammanfattas nedan:<\/p>\n\n\n\n<ul class=\"wp-block-list\">\n<li><strong>Alla<\/strong> ska k\u00e4nna sig v\u00e4lkomna<\/li>\n\n\n\n<li>Vi visar respekt f\u00f6r varandra och djuren<\/li>\n\n\n\n<li>S\u00e4kerhetsregler f\u00f6ljs<\/li>\n\n\n\n<li>Dina \u00f6nskem\u00e5l, f\u00f6ruts\u00e4ttningar och behov st\u00e5r i fokus<\/li>\n<\/ul>\n\n\n\n<h2 class=\"wp-block-heading\"><\/h2>\n\n\n\n<figure class=\"wp-block-gallery has-nested-images columns-default is-cropped wp-block-gallery-1 is-layout-flex wp-block-gallery-is-layout-flex\">\n<figure class=\"wp-block-image size-full\"><img loading=\"lazy\" decoding=\"async\" width=\"315\" height=\"315\" data-id=\"922\" src=\"https:\/\/valdalen.se\/wp-content\/uploads\/2024\/09\/image-2.png\" alt=\"\" class=\"wp-image-922\" srcset=\"https:\/\/valdalen.se\/wp-content\/uploads\/2024\/09\/image-2.png 315w, https:\/\/valdalen.se\/wp-content\/uploads\/2024\/09\/image-2-300x300.png 300w, https:\/\/valdalen.se\/wp-content\/uploads\/2024\/09\/image-2-150x150.png 150w, https:\/\/valdalen.se\/wp-content\/uploads\/2024\/09\/image-2-100x100.png 100w\" sizes=\"auto, (max-width: 315px) 100vw, 315px\" \/><\/figure>\n\n\n\n<figure class=\"wp-block-image size-full\"><img loading=\"lazy\" decoding=\"async\" width=\"1504\" height=\"2047\" data-id=\"1219\" src=\"https:\/\/valdalen.se\/wp-content\/uploads\/2026\/03\/aldreboende-3.jpg\" alt=\"\" class=\"wp-image-1219\" srcset=\"https:\/\/valdalen.se\/wp-content\/uploads\/2026\/03\/aldreboende-3.jpg 1504w, https:\/\/valdalen.se\/wp-content\/uploads\/2026\/03\/aldreboende-3-220x300.jpg 220w, https:\/\/valdalen.se\/wp-content\/uploads\/2026\/03\/aldreboende-3-752x1024.jpg 752w, https:\/\/valdalen.se\/wp-content\/uploads\/2026\/03\/aldreboende-3-768x1045.jpg 768w, https:\/\/valdalen.se\/wp-content\/uploads\/2026\/03\/aldreboende-3-1129x1536.jpg 1129w\" sizes=\"auto, (max-width: 1504px) 100vw, 1504px\" \/><\/figure>\n\n\n\n<figure class=\"wp-block-image size-full\"><img loading=\"lazy\" decoding=\"async\" width=\"315\" height=\"315\" data-id=\"924\" src=\"https:\/\/valdalen.se\/wp-content\/uploads\/2024\/09\/skolaavslappning-1.jpg\" alt=\"\" class=\"wp-image-924\" srcset=\"https:\/\/valdalen.se\/wp-content\/uploads\/2024\/09\/skolaavslappning-1.jpg 315w, https:\/\/valdalen.se\/wp-content\/uploads\/2024\/09\/skolaavslappning-1-300x300.jpg 300w, https:\/\/valdalen.se\/wp-content\/uploads\/2024\/09\/skolaavslappning-1-150x150.jpg 150w, https:\/\/valdalen.se\/wp-content\/uploads\/2024\/09\/skolaavslappning-1-100x100.jpg 100w\" sizes=\"auto, (max-width: 315px) 100vw, 315px\" \/><\/figure>\n<\/figure>\n\n\n\n<p><\/p>\n\n\n\n<p><strong>Breddad verksamhet<\/strong><\/p>\n\n\n\n<p><span class=\"has-inline-color has-dark-gray-color\">Verksamheten har blivit beviljad utvecklingsmedel vilket m\u00f6jligg\u00f6r projekten &#8221;Aktivitetspaket vid Valdalens Djur &amp; Natur&#8221;<\/span>. Genom st\u00f6det har vi breddat v\u00e5r verksamhet och byggt paddock, grillstuga, tv\u00e5 uteduschar samt installerat en f\u00f6rbr\u00e4nningstoalett. Under f\u00f6rra \u00e5ret anlades &#8221;<strong>Valdalens Tr\u00e4dg\u00e5rd<\/strong>&#8221; som vi ska njuta av fram\u00f6ver. H\u00e4r kommer vi erbjuda h\u00e4lsofr\u00e4mjande aktiviteter som plantering, utomhusr\u00f6relse och skapa kreativa blomsterarrangemang mm. <strong>Grillstugan<\/strong> hyrs ut f\u00f6r dagsbes\u00f6k eller \u00f6vernattning. Laga en god m\u00e5ltid och boka till en aktivitet eller varf\u00f6r inte vandra p\u00e5 l\u00e4ngs den vackra <a href=\"https:\/\/westswedentrails.se\/etapp\/8-lilla-edet-utby\" data-type=\"link\" data-id=\"https:\/\/westswedentrails.se\/etapp\/8-lilla-edet-utby\">Pilgrimsleden <\/a>som sk\u00e4r tv\u00e4rs genom g\u00e5rden.<\/p>\n\n\n\n<figure class=\"wp-block-gallery has-nested-images columns-default is-cropped wp-block-gallery-2 is-layout-flex wp-block-gallery-is-layout-flex\">\n<figure class=\"wp-block-image size-large\"><img loading=\"lazy\" decoding=\"async\" width=\"1024\" height=\"521\" data-id=\"1214\" src=\"https:\/\/valdalen.se\/wp-content\/uploads\/2026\/03\/Loggor-Leader-EU-Jordbruksfonden-2-1024x521.png\" alt=\"\" class=\"wp-image-1214\" srcset=\"https:\/\/valdalen.se\/wp-content\/uploads\/2026\/03\/Loggor-Leader-EU-Jordbruksfonden-2-1024x521.png 1024w, https:\/\/valdalen.se\/wp-content\/uploads\/2026\/03\/Loggor-Leader-EU-Jordbruksfonden-2-300x153.png 300w, https:\/\/valdalen.se\/wp-content\/uploads\/2026\/03\/Loggor-Leader-EU-Jordbruksfonden-2-768x390.png 768w, https:\/\/valdalen.se\/wp-content\/uploads\/2026\/03\/Loggor-Leader-EU-Jordbruksfonden-2.png 1200w\" sizes=\"auto, (max-width: 1024px) 100vw, 1024px\" \/><\/figure>\n\n\n\n<figure class=\"wp-block-image size-large\"><img loading=\"lazy\" decoding=\"async\" width=\"1024\" height=\"507\" data-id=\"1215\" src=\"https:\/\/valdalen.se\/wp-content\/uploads\/2026\/03\/Logo-Leader-Gota-alv-_-Savean-Farg-2-1024x507.png\" alt=\"\" class=\"wp-image-1215\" srcset=\"https:\/\/valdalen.se\/wp-content\/uploads\/2026\/03\/Logo-Leader-Gota-alv-_-Savean-Farg-2-1024x507.png 1024w, https:\/\/valdalen.se\/wp-content\/uploads\/2026\/03\/Logo-Leader-Gota-alv-_-Savean-Farg-2-300x149.png 300w, https:\/\/valdalen.se\/wp-content\/uploads\/2026\/03\/Logo-Leader-Gota-alv-_-Savean-Farg-2-768x380.png 768w, https:\/\/valdalen.se\/wp-content\/uploads\/2026\/03\/Logo-Leader-Gota-alv-_-Savean-Farg-2-1536x760.png 1536w, https:\/\/valdalen.se\/wp-content\/uploads\/2026\/03\/Logo-Leader-Gota-alv-_-Savean-Farg-2.png 1838w\" sizes=\"auto, (max-width: 1024px) 100vw, 1024px\" \/><\/figure>\n<\/figure>\n\n\n\n<h5 class=\"wp-block-heading\"><\/h5>\n\n\n\n<p><strong>OBS!<\/strong> Vi \u00f6nskar att ni f\u00f6rbokar om ni vill bes\u00f6ka oss. <\/p>\n\n\n\n<p><\/p>\n","protected":false},"excerpt":{"rendered":"<p>Trygghet &#8211; Utveckling &#8211; H\u00e4lsa Verksamhetens fr\u00e4msta fokus \u00e4r djur och naturunderst\u00f6dda insatser inom skola, social omsorg, fritid och h\u00e4lsoomr\u00e5det. Jag riktar mig s\u00e5v\u00e4l till kommuner och regioner som privata akt\u00f6rer. H\u00e4r individanpassas aktiviteter utifr\u00e5n&hellip;<\/p>\n","protected":false},"author":1,"featured_media":0,"parent":0,"menu_order":0,"comment_status":"closed","ping_status":"closed","template":"","meta":{"footnotes":""},"class_list":["post-47","page","type-page","status-publish","hentry"],"_links":{"self":[{"href":"https:\/\/valdalen.se\/index.php?rest_route=\/wp\/v2\/pages\/47","targetHints":{"allow":["GET"]}}],"collection":[{"href":"https:\/\/valdalen.se\/index.php?rest_route=\/wp\/v2\/pages"}],"about":[{"href":"https:\/\/valdalen.se\/index.php?rest_route=\/wp\/v2\/types\/page"}],"author":[{"embeddable":true,"href":"https:\/\/valdalen.se\/index.php?rest_route=\/wp\/v2\/users\/1"}],"replies":[{"embeddable":true,"href":"https:\/\/valdalen.se\/index.php?rest_route=%2Fwp%2Fv2%2Fcomments&post=47"}],"version-history":[{"count":99,"href":"https:\/\/valdalen.se\/index.php?rest_route=\/wp\/v2\/pages\/47\/revisions"}],"predecessor-version":[{"id":1292,"href":"https:\/\/valdalen.se\/index.php?rest_route=\/wp\/v2\/pages\/47\/revisions\/1292"}],"wp:attachment":[{"href":"https:\/\/valdalen.se\/index.php?rest_route=%2Fwp%2Fv2%2Fmedia&parent=47"}],"curies":[{"name":"wp","href":"https:\/\/api.w.org\/{rel}","templated":true}]}}