{"id":1023,"date":"2025-08-27T12:50:33","date_gmt":"2025-08-27T12:50:33","guid":{"rendered":"https:\/\/valdalen.se\/?page_id=1023"},"modified":"2026-03-25T21:17:56","modified_gmt":"2026-03-25T21:17:56","slug":"valdalens-tradgard","status":"publish","type":"page","link":"https:\/\/valdalen.se\/?page_id=1023","title":{"rendered":"Valdalens Tr\u00e4dg\u00e5rd"},"content":{"rendered":"\n<figure class=\"wp-block-image size-large\"><img loading=\"lazy\" decoding=\"async\" width=\"1024\" height=\"336\" src=\"https:\/\/valdalen.se\/wp-content\/uploads\/2025\/08\/loggaleader-1024x336.jpg\" alt=\"\" class=\"wp-image-1024\" srcset=\"https:\/\/valdalen.se\/wp-content\/uploads\/2025\/08\/loggaleader-1024x336.jpg 1024w, https:\/\/valdalen.se\/wp-content\/uploads\/2025\/08\/loggaleader-300x98.jpg 300w, https:\/\/valdalen.se\/wp-content\/uploads\/2025\/08\/loggaleader-768x252.jpg 768w, https:\/\/valdalen.se\/wp-content\/uploads\/2025\/08\/loggaleader-1536x504.jpg 1536w, https:\/\/valdalen.se\/wp-content\/uploads\/2025\/08\/loggaleader.jpg 1659w\" sizes=\"auto, (max-width: 1024px) 100vw, 1024px\" \/><\/figure>\n\n\n\n<p>Tack vare mikrost\u00f6d av Leader G\u00f6ta \u00e4lv och S\u00e4ve\u00e5n samt Jordbruksverket s\u00e5 har vi i v\u00e5r p\u00e5b\u00f6rjat en h\u00e4lsotr\u00e4dg\u00e5rd. Syftet \u00e4r att odla snittblommor enligt slow-flower metoden samt att skapa sittplatser f\u00f6r rekreation. Tr\u00e4dg\u00e5rden \u00f6ppnar \u00e4ven f\u00f6r en \u00e4ldre m\u00e5lgrupp d\u00e5 vistelse i natur och tr\u00e4dg\u00e5rd visat sig vara en h\u00e4lsofr\u00e4mjande arena som bjuder in till m\u00f6ten, samtal, fysisk aktivitet men ocks\u00e5 att bara vara.  <\/p>\n\n\n\n<p>H\u00e4r erbjuds blommor i s\u00e4song f\u00f6r sj\u00e4lvplock, buketter, kransar eller andra arrangemang. \u00d6ppettider varierar.<\/p>\n\n\n\n<p><\/p>\n\n\n\n<figure class=\"wp-block-image size-large\"><img loading=\"lazy\" decoding=\"async\" width=\"1024\" height=\"978\" src=\"https:\/\/valdalen.se\/wp-content\/uploads\/2025\/08\/tradgardsittplatser-1-1024x978.jpg\" alt=\"\" class=\"wp-image-1028\" srcset=\"https:\/\/valdalen.se\/wp-content\/uploads\/2025\/08\/tradgardsittplatser-1-1024x978.jpg 1024w, https:\/\/valdalen.se\/wp-content\/uploads\/2025\/08\/tradgardsittplatser-1-300x286.jpg 300w, https:\/\/valdalen.se\/wp-content\/uploads\/2025\/08\/tradgardsittplatser-1-768x733.jpg 768w, https:\/\/valdalen.se\/wp-content\/uploads\/2025\/08\/tradgardsittplatser-1.jpg 1080w\" sizes=\"auto, (max-width: 1024px) 100vw, 1024px\" \/><\/figure>\n\n\n\n<figure class=\"wp-block-gallery has-nested-images columns-default is-cropped wp-block-gallery-1 is-layout-flex wp-block-gallery-is-layout-flex\">\n<figure class=\"wp-block-image size-large\"><img loading=\"lazy\" decoding=\"async\" width=\"577\" height=\"1024\" data-id=\"1026\" src=\"https:\/\/valdalen.se\/wp-content\/uploads\/2025\/08\/rosa-577x1024.jpg\" alt=\"\" class=\"wp-image-1026\" srcset=\"https:\/\/valdalen.se\/wp-content\/uploads\/2025\/08\/rosa-577x1024.jpg 577w, https:\/\/valdalen.se\/wp-content\/uploads\/2025\/08\/rosa-169x300.jpg 169w, https:\/\/valdalen.se\/wp-content\/uploads\/2025\/08\/rosa-768x1364.jpg 768w, https:\/\/valdalen.se\/wp-content\/uploads\/2025\/08\/rosa-865x1536.jpg 865w, https:\/\/valdalen.se\/wp-content\/uploads\/2025\/08\/rosa.jpg 1153w\" sizes=\"auto, (max-width: 577px) 100vw, 577px\" \/><\/figure>\n\n\n\n<figure class=\"wp-block-image size-full\"><img loading=\"lazy\" decoding=\"async\" width=\"448\" height=\"976\" data-id=\"1032\" src=\"https:\/\/valdalen.se\/wp-content\/uploads\/2025\/08\/humla-1.jpg\" alt=\"\" class=\"wp-image-1032\" srcset=\"https:\/\/valdalen.se\/wp-content\/uploads\/2025\/08\/humla-1.jpg 448w, https:\/\/valdalen.se\/wp-content\/uploads\/2025\/08\/humla-1-138x300.jpg 138w\" sizes=\"auto, (max-width: 448px) 100vw, 448px\" \/><\/figure>\n\n\n\n<figure class=\"wp-block-image size-large\"><img loading=\"lazy\" decoding=\"async\" width=\"577\" height=\"1024\" data-id=\"1027\" src=\"https:\/\/valdalen.se\/wp-content\/uploads\/2025\/08\/solros-577x1024.jpg\" alt=\"\" class=\"wp-image-1027\" srcset=\"https:\/\/valdalen.se\/wp-content\/uploads\/2025\/08\/solros-577x1024.jpg 577w, https:\/\/valdalen.se\/wp-content\/uploads\/2025\/08\/solros-169x300.jpg 169w, https:\/\/valdalen.se\/wp-content\/uploads\/2025\/08\/solros-768x1364.jpg 768w, https:\/\/valdalen.se\/wp-content\/uploads\/2025\/08\/solros-865x1536.jpg 865w, https:\/\/valdalen.se\/wp-content\/uploads\/2025\/08\/solros.jpg 1153w\" sizes=\"auto, (max-width: 577px) 100vw, 577px\" \/><\/figure>\n<\/figure>\n\n\n\n<p><\/p>\n","protected":false},"excerpt":{"rendered":"<p>Tack vare mikrost\u00f6d av Leader G\u00f6ta \u00e4lv och S\u00e4ve\u00e5n samt Jordbruksverket s\u00e5 har vi i v\u00e5r p\u00e5b\u00f6rjat en h\u00e4lsotr\u00e4dg\u00e5rd. Syftet \u00e4r att odla snittblommor enligt slow-flower metoden samt att skapa sittplatser f\u00f6r rekreation. Tr\u00e4dg\u00e5rden \u00f6ppnar&hellip;<\/p>\n","protected":false},"author":1,"featured_media":0,"parent":0,"menu_order":0,"comment_status":"closed","ping_status":"closed","template":"","meta":{"footnotes":""},"class_list":["post-1023","page","type-page","status-publish","hentry"],"_links":{"self":[{"href":"https:\/\/valdalen.se\/index.php?rest_route=\/wp\/v2\/pages\/1023","targetHints":{"allow":["GET"]}}],"collection":[{"href":"https:\/\/valdalen.se\/index.php?rest_route=\/wp\/v2\/pages"}],"about":[{"href":"https:\/\/valdalen.se\/index.php?rest_route=\/wp\/v2\/types\/page"}],"author":[{"embeddable":true,"href":"https:\/\/valdalen.se\/index.php?rest_route=\/wp\/v2\/users\/1"}],"replies":[{"embeddable":true,"href":"https:\/\/valdalen.se\/index.php?rest_route=%2Fwp%2Fv2%2Fcomments&post=1023"}],"version-history":[{"count":4,"href":"https:\/\/valdalen.se\/index.php?rest_route=\/wp\/v2\/pages\/1023\/revisions"}],"predecessor-version":[{"id":1291,"href":"https:\/\/valdalen.se\/index.php?rest_route=\/wp\/v2\/pages\/1023\/revisions\/1291"}],"wp:attachment":[{"href":"https:\/\/valdalen.se\/index.php?rest_route=%2Fwp%2Fv2%2Fmedia&parent=1023"}],"curies":[{"name":"wp","href":"https:\/\/api.w.org\/{rel}","templated":true}]}}